{"id":2,"date":"2025-06-09T08:11:07","date_gmt":"2025-06-09T08:11:07","guid":{"rendered":"https:\/\/songmyzik.com\/?page_id=2"},"modified":"2025-08-25T21:28:56","modified_gmt":"2025-08-25T21:28:56","slug":"sample-page","status":"publish","type":"page","link":"https:\/\/songmyzik.com\/index.php\/sample-page\/","title":{"rendered":"Cat\u00e9gories \/ Publications"},"content":{"rendered":"\t\t<div data-elementor-type=\"wp-page\" data-elementor-id=\"2\" class=\"elementor elementor-2\">\n\t\t\t\t<div class=\"elementor-element elementor-element-e2f23b1 e-flex e-con-boxed e-con e-parent\" data-id=\"e2f23b1\" data-element_type=\"container\">\n\t\t\t\t\t<div class=\"e-con-inner\">\n\t\t\t\t<div class=\"elementor-element elementor-element-f622cd4 elementor-widget elementor-widget-shortcode\" data-id=\"f622cd4\" data-element_type=\"widget\" data-widget_type=\"shortcode.default\">\n\t\t\t\t<div class=\"elementor-widget-container\">\n\t\t\t\t\t\t\t<div class=\"elementor-shortcode\"><h2 id=\"cats\">Cat\u00e9gories<\/h2>\n<!-- Place ici le bloc \u201cCat\u00e9gories\u201d de WordPress -->\n<\/div>\n\t\t\t\t\t\t<\/div>\n\t\t\t\t<\/div>\n\t\t\t\t\t<\/div>\n\t\t\t\t<\/div>\n\t\t<div class=\"elementor-element elementor-element-8057bb9 e-flex e-con-boxed e-con e-parent\" data-id=\"8057bb9\" data-element_type=\"container\">\n\t\t\t\t\t<div class=\"e-con-inner\">\n\t\t\t\t<div class=\"elementor-element elementor-element-9d8a0e5 elementor-widget elementor-widget-shortcode\" data-id=\"9d8a0e5\" data-element_type=\"widget\" data-widget_type=\"shortcode.default\">\n\t\t\t\t<div class=\"elementor-widget-container\">\n\t\t\t\t\t\t\t<div class=\"elementor-shortcode\"><ul class=\"wp-block-categories-list\">\t<li class=\"cat-item cat-item-6\"><a href=\"https:\/\/songmyzik.com\/index.php\/category\/brasil\/\">Brasil<\/a> (11)\n<\/li>\n\t<li class=\"cat-item cat-item-1\"><a href=\"https:\/\/songmyzik.com\/index.php\/category\/collegues-amis\/\">Coll\u00e8gues\/Amis<\/a> (18)\n<\/li>\n\t<li class=\"cat-item cat-item-7\"><a href=\"https:\/\/songmyzik.com\/index.php\/category\/diverses\/\">Diverses<\/a> (7)\n<\/li>\n\t<li class=\"cat-item cat-item-9\"><a href=\"https:\/\/songmyzik.com\/index.php\/category\/le-lien\/\">Le lien (Quadrilogie)<\/a> (4)\n<\/li>\n<\/ul>\n<\/div>\n\t\t\t\t\t\t<\/div>\n\t\t\t\t<\/div>\n\t\t\t\t\t<\/div>\n\t\t\t\t<\/div>\n\t\t<div class=\"elementor-element elementor-element-2445b2d e-flex e-con-boxed e-con e-parent\" data-id=\"2445b2d\" data-element_type=\"container\">\n\t\t\t\t\t<div class=\"e-con-inner\">\n\t\t\t\t\t<\/div>\n\t\t\t\t<\/div>\n\t\t<div class=\"elementor-element elementor-element-136c68a e-flex e-con-boxed e-con e-parent\" data-id=\"136c68a\" data-element_type=\"container\">\n\t\t\t\t\t<div class=\"e-con-inner\">\n\t\t\t\t<div class=\"elementor-element elementor-element-8f55035 elementor-widget elementor-widget-shortcode\" data-id=\"8f55035\" data-element_type=\"widget\" data-widget_type=\"shortcode.default\">\n\t\t\t\t<div class=\"elementor-widget-container\">\n\t\t\t\t\t\t\t<div class=\"elementor-shortcode\"><h2 id=\"publi\">Publications r\u00e9centes<\/h2>\n<div class=\"hub-grid\"><div class=\"listing-item\"><a class=\"image\" href=\"https:\/\/songmyzik.com\/index.php\/2025\/10\/04\/nos-caminhos-separam\/\"><img fetchpriority=\"high\" decoding=\"async\" width=\"768\" height=\"768\" src=\"https:\/\/songmyzik.com\/wp-content\/uploads\/2025\/10\/6fae45f0-2229-4a2f-8ff3-634d3eff2e2c-768x768.png\" class=\"attachment-medium_large size-medium_large wp-post-image\" alt=\"\" srcset=\"https:\/\/songmyzik.com\/wp-content\/uploads\/2025\/10\/6fae45f0-2229-4a2f-8ff3-634d3eff2e2c-768x768.png 768w, https:\/\/songmyzik.com\/wp-content\/uploads\/2025\/10\/6fae45f0-2229-4a2f-8ff3-634d3eff2e2c-300x300.png 300w, https:\/\/songmyzik.com\/wp-content\/uploads\/2025\/10\/6fae45f0-2229-4a2f-8ff3-634d3eff2e2c-150x150.png 150w, https:\/\/songmyzik.com\/wp-content\/uploads\/2025\/10\/6fae45f0-2229-4a2f-8ff3-634d3eff2e2c-560x560.png 560w, https:\/\/songmyzik.com\/wp-content\/uploads\/2025\/10\/6fae45f0-2229-4a2f-8ff3-634d3eff2e2c.png 1024w\" sizes=\"(max-width: 768px) 100vw, 768px\" \/><\/a> <a class=\"title\" href=\"https:\/\/songmyzik.com\/index.php\/2025\/10\/04\/nos-caminhos-separam\/\">\u201cNos Caminhos Separam\u201d<\/a> <span class=\"excerpt-dash\">-<\/span> <span class=\"excerpt\">Couplet 1 On a v\u00e9cu des ann\u00e9es, c\u00f4te \u00e0 c\u00f4te sous la m\u00eame lumi\u00e8re, Dans le bruit dans les rires, dans les jours ordinaires.<\/span><\/div><div class=\"listing-item\"><a class=\"image\" href=\"https:\/\/songmyzik.com\/index.php\/2025\/08\/30\/la-cle\/\"><img decoding=\"async\" width=\"768\" height=\"768\" src=\"https:\/\/songmyzik.com\/wp-content\/uploads\/2025\/08\/image_large_ae6c7790-d831-4352-b9ce-ab7b1d7323ff-768x768.jpeg\" class=\"attachment-medium_large size-medium_large wp-post-image\" alt=\"\" srcset=\"https:\/\/songmyzik.com\/wp-content\/uploads\/2025\/08\/image_large_ae6c7790-d831-4352-b9ce-ab7b1d7323ff-768x768.jpeg 768w, https:\/\/songmyzik.com\/wp-content\/uploads\/2025\/08\/image_large_ae6c7790-d831-4352-b9ce-ab7b1d7323ff-300x300.jpeg 300w, https:\/\/songmyzik.com\/wp-content\/uploads\/2025\/08\/image_large_ae6c7790-d831-4352-b9ce-ab7b1d7323ff-150x150.jpeg 150w, https:\/\/songmyzik.com\/wp-content\/uploads\/2025\/08\/image_large_ae6c7790-d831-4352-b9ce-ab7b1d7323ff-560x560.jpeg 560w, https:\/\/songmyzik.com\/wp-content\/uploads\/2025\/08\/image_large_ae6c7790-d831-4352-b9ce-ab7b1d7323ff.jpeg 1024w\" sizes=\"(max-width: 768px) 100vw, 768px\" \/><\/a> <a class=\"title\" href=\"https:\/\/songmyzik.com\/index.php\/2025\/08\/30\/la-cle\/\">La cl\u00e9<\/a> <span class=\"excerpt-dash\">-<\/span> <span class=\"excerpt\">\ud83c\udfb5 La cl\u00e9 dans la main Un sac sur l\u2019\u00e9paule, la cl\u00e9 dans la main Deux \u00e9tages \u00e0\u2026<\/span><\/div><div class=\"listing-item\"><a class=\"image\" href=\"https:\/\/songmyzik.com\/index.php\/2025\/08\/23\/la-naissance\/\"><img decoding=\"async\" width=\"768\" height=\"768\" src=\"https:\/\/songmyzik.com\/wp-content\/uploads\/2025\/08\/image_large_1787a651-3870-47d0-8ad8-7ca862b09187-768x768.jpeg\" class=\"attachment-medium_large size-medium_large wp-post-image\" alt=\"\" srcset=\"https:\/\/songmyzik.com\/wp-content\/uploads\/2025\/08\/image_large_1787a651-3870-47d0-8ad8-7ca862b09187-768x768.jpeg 768w, https:\/\/songmyzik.com\/wp-content\/uploads\/2025\/08\/image_large_1787a651-3870-47d0-8ad8-7ca862b09187-300x300.jpeg 300w, https:\/\/songmyzik.com\/wp-content\/uploads\/2025\/08\/image_large_1787a651-3870-47d0-8ad8-7ca862b09187-150x150.jpeg 150w, https:\/\/songmyzik.com\/wp-content\/uploads\/2025\/08\/image_large_1787a651-3870-47d0-8ad8-7ca862b09187-560x560.jpeg 560w, https:\/\/songmyzik.com\/wp-content\/uploads\/2025\/08\/image_large_1787a651-3870-47d0-8ad8-7ca862b09187.jpeg 1024w\" sizes=\"(max-width: 768px) 100vw, 768px\" \/><\/a> <a class=\"title\" href=\"https:\/\/songmyzik.com\/index.php\/2025\/08\/23\/la-naissance\/\">La naissance<\/a> <span class=\"excerpt-dash\">-<\/span> <span class=\"excerpt\">Il est n\u00e9 l\u00e0, entre nous, Pas \u00e9crit, pas pr\u00e9vu, pas con\u00e7u.<\/span><\/div><\/div>\n<\/div>\n\t\t\t\t\t\t<\/div>\n\t\t\t\t<\/div>\n\t\t\t\t\t<\/div>\n\t\t\t\t<\/div>\n\t\t\t\t<\/div>\n\t\t","protected":false},"excerpt":{"rendered":"<p>Cat\u00e9gories Publications r\u00e9centes<\/p>\n","protected":false},"author":1,"featured_media":0,"parent":0,"menu_order":0,"comment_status":"closed","ping_status":"closed","template":"","meta":{"_kad_post_transparent":"","_kad_post_title":"","_kad_post_layout":"","_kad_post_sidebar_id":"","_kad_post_content_style":"","_kad_post_vertical_padding":"","_kad_post_feature":"","_kad_post_feature_position":"","_kad_post_header":false,"_kad_post_footer":false,"footnotes":""},"class_list":["post-2","page","type-page","status-publish","hentry"],"_links":{"self":[{"href":"https:\/\/songmyzik.com\/index.php\/wp-json\/wp\/v2\/pages\/2","targetHints":{"allow":["GET"]}}],"collection":[{"href":"https:\/\/songmyzik.com\/index.php\/wp-json\/wp\/v2\/pages"}],"about":[{"href":"https:\/\/songmyzik.com\/index.php\/wp-json\/wp\/v2\/types\/page"}],"author":[{"embeddable":true,"href":"https:\/\/songmyzik.com\/index.php\/wp-json\/wp\/v2\/users\/1"}],"replies":[{"embeddable":true,"href":"https:\/\/songmyzik.com\/index.php\/wp-json\/wp\/v2\/comments?post=2"}],"version-history":[{"count":58,"href":"https:\/\/songmyzik.com\/index.php\/wp-json\/wp\/v2\/pages\/2\/revisions"}],"predecessor-version":[{"id":495,"href":"https:\/\/songmyzik.com\/index.php\/wp-json\/wp\/v2\/pages\/2\/revisions\/495"}],"wp:attachment":[{"href":"https:\/\/songmyzik.com\/index.php\/wp-json\/wp\/v2\/media?parent=2"}],"curies":[{"name":"wp","href":"https:\/\/api.w.org\/{rel}","templated":true}]}}